 Suppose 8*y - 11*y = -z. Suppose 42 = -0*l + y*l. Let r(w) = -w**3 + 8*w**2 - 6*w. Determine r(l).
7
Let p(y) = -341*y + 15. Let a(j) = 426*j - 19. Let x(d) = -9*a(d) - 11*p(d). What is x(1)?
-77
Let n(p) be the third derivative of -p**6/120 + 7*p**5/60 - p**4/24 - p**3 - p**2. Let h = -66 - 20. Let v be (h/172)/((-1)/14). Determine n(v).
-13
Suppose -6 = -8*c - 6. Suppose 0 = -l + 3*l - 32. Let m(v) = l + 2 - v - v**2 + 3*v - v. What is m(c)?
18
Let w = -1 - 0. Suppose -5*v + 4*q = 6, -1 + 13 = 3*q. Let r(x) = x**2 - x**2 + 7*x**v - 10 - x**2 + 9. Give r(w).
5
Let t = -118 + 122. Suppose -3*v = 3*q + 33, -2*v + t*q = -8 - 0. Let a(m) = m**2 + m + 5. Give a(v).
35
Let l(k) = 3*k**3 + 221*k - 4*k**3 - 216*k - 7. Let g(c) = c**3 + c**2 - 4*c + 8. Let w(f) = 2*g(f) + 3*l(f). Determine w(4).
-9
Let d(c) = -6*c**2 - 66*c + 238. Let v(s) = -s**2 - 14*s + 47. Let u(j) = -2*d(j) + 11*v(j). Determine u(20).
1
Suppose 9*m - 9 - 198 = 0. Let b(g) = -18 - m + 0*g + 38 - g. Calculate b(4).
-7
Suppose 7*c + 29 = 5*t + 6*c, 4*t = 5*c + 40. Let p(d) = d**3 - 5*d**2 + d + 3. What is p(t)?
8
Let b(z) be the second derivative of 2*z**3/3 + 23*z**2/2 + 2*z - 290. Determine b(-6).
-1
Suppose -3*j - 2*y = -26, 4*j + 525*y - 530*y = 4. Let x(k) = -k**2 + 3*k + 20. What is x(j)?
2
Let m(v) = 46*v + 1107. Let a be m(-24). Let h(w) be the third derivative of 1/3*w**a - 1/24*w**4 + 0 - 21*w**2 + 0*w. Give h(-3).
5
Let a(r) be the first derivative of 9 + 1/2*r**2 + 0*r. Let k(h) = 8*h + 1. Let s(d) = 6*a(d) - k(d). Determine s(-7).
13
Let a = -3838 - -3840. Let f(c) = -6*c**2 + 2*c - 2. Calculate f(a).
-22
Let t(v) = 4*v + 1. Let g(o) = 26*o + 19. Let y(x) = -g(x) + 7*t(x). Let b be 6/4*(-20)/(-3). Give y(b).
8
Let l(w) be the first derivative of -w + 1/2*w**2 - 65. Calculate l(-9).
-10
Let l(c) = -c**2 + 17*c + 42. Suppose -26 = -7*b - 40. Let z be l(b). Let u(w) = 2*w + 2. Determine u(z).
10
Let w(t) = 3*t**3 - t + 1. Suppose 0 = 2*f + 2*b - 0*b - 10, 26 = 2*f - 2*b. Suppose -f*y = -18 - 0. What is w(y)?
23
Let i(g) be the first derivative of -17/2*g**2 + 20 + 4/3*g**3 - 1/10*g**5 + 1/120*g**6 + 0*g - 1/8*g**4. Let p(u) be the second derivative of i(u). Give p(6).
-10
Let c(n) be the first derivative of 110 - 2*n - 1/2*n**2. Give c(-5).
3
Let v(r) = -r**2 + 11*r + 9. Let g(b) = 2*b**2 - 42*b + 54. Let q be g(23). Let n = q - 134. Give v(n).
-3
Let a(r) = 717*r**3 - 31*r**2 + 29*r + 54. Let h(n) = -331*n**3 + 16*n**2 - 15*n - 27. Let u(w) = 6*a(w) + 13*h(w). What is u(21)?
-27
Suppose 5*p = -26*p + 310. Let m be (-135)/p*(-2)/3. Let j(v) = v - 4. Determine j(m).
5
Let n be 8/((-2)/4*-4). Suppose -4 = -n*o + 5*o. Let u(b) = 3 - 5*b + 3*b**2 - 15*b + 25*b. Determine u(o).
31
Let t(g) be the first derivative of -g**3/3 + 2*g**2 + 35*g - 2780. Calculate t(6).
23
Let p(u) = 2*u**3 - 41*u**2 + 20*u - 8. Let m(s) = s**3 + s**2 - 35*s + 45. Let n be m(5). What is p(n)?
-8
Let s(m) = 9*m**2 + 69*m - 62*m**3 + 63*m**3 - 82*m - 4 + 3. Let d = -20 + 10. Determine s(d).
29
Let l(w) be the first derivative of 6*w - 27 + 7/2*w**2 + 1/3*w**3. Give l(-4).
-6
Let h(j) be the first derivative of -2*j**3/3 - 2*j**2 + 15*j + 2455. Give h(-5).
-15
Let m(p) = 133840*p**2 - 133841*p**2 - 3 - 4. Let u be -8 - (-3 + (-4 - -4)). Determine m(u).
-32
Let m(g) = 22*g**3 + 111*g**2 + 23*g + 24. Let q(w) = -4*w**3 - 19*w**2 - 4*w - 4. Let s(i) = 3*m(i) + 17*q(i). Calculate s(5).
9
Let o(l) = l**2 - l. Let k be o(-3). Let s(w) = -6*w**2 + w**3 + 15 + 15*w - 14 - k*w. Let r = 9 - 4. Give s(r).
-9
Let i be 53/9 - (-35)/315. Let g(s) = s**3 + 208*s - 202*s - 4*s**3 + 2*s**3 + i*s**2. Give g(7).
-7
Let g = -302 - -305. Suppose g*w - 477 = 56*w. Let r(p) = 3*p + 13. Let d(y) = 13*y + 52. Let l(h) = -2*d(h) + 9*r(h). Determine l(w).
4
Let s(d) = d**3 + 4*d**2 + 4. Let k be ((-18)/(-24) + 0)/(2/8). Suppose -2*n - r - 1 = 2, 2*n = r + k. Calculate s(n).
4
Let b(u) be the third derivative of -u**5/60 + u**4/2 - 5*u**3/3 + u**2. Let p = 90 + -181. Let k = -80 - p. Calculate b(k).
1
Let t be (1 + 1)/2*0 - 2. Let x(s) be the first derivative of -s**3 + 3*s**2/2 + 4*s - 1042. Give x(t).
-14
Let n(y) = 9*y - 3. Let a be n(2). Let z = a + -21. Let q(b) = -4*b**2 + 15*b + 30. Let p(c) = c**2 - 5*c - 8. Let h(w) = 7*p(w) + 2*q(w). Determine h(z).
-2
Let p(t) = t**3 - 7*t**2 + 2*t - 9. Let m be p(7). Let b = m - 2. Let z(f) = f**2 + b*f**3 - 18 + f**3 + f + 18. Determine z(-1).
-4
Suppose 25 = 11*m - 8. Suppose m*x + 15 = 3*l, 8*x + 10 = 3*x. Let t(q) be the first derivative of q**4/4 - q**3 + 3*q**2/2 - 4*q + 1. What is t(l)?
5
Let a(b) = b**2 - 11*b + 11. Let m be a(10). Suppose 2*k = 2*h + 16, -6 = 4*h + k + m. Let t(p) be the first derivative of 3*p**2/2 - 2*p - 140. Calculate t(h).
-11
Let k(u) = -u - 2. Let n = -24 - -28. Let j be (-3)/(1 - n/3). What is k(j)?
-11
Let w(h) = -h**3 - 7*h**2 - 8*h + 6. Suppose 4*y + 5*q + 209 = 177, -2*q - 8 = 0. Determine w(y).
-6
Let p(d) = -d - 27. Let h = -18306 + 18286. What is p(h)?
-7
Let g = -151 + 161. Let u(w) = -w**2 - g + 17*w + 20 - 18*w. Calculate u(0).
10
Let x(h) be the second derivative of h**4/24 - 4*h**3/3 + 27*h**2/2 + 2*h + 3. Let t(a) be the first derivative of x(a). Calculate t(9).
1
Let n(o) = -29*o + 5. Suppose 0 = -92*q + 32*q + 60. Give n(q).
-24
Let b be (-1 - -2) + 3*44/12. Suppose -252 = -b*m - 2*m. Let d(q) = -m*q - 10*q + 25*q + 4. Calculate d(-5).
19
Let p(q) = 10*q + 45. Let u be p(-3). Suppose u - 33 = -6*a. Let i(n) = -n**2 + 1. Determine i(a).
-8
Let n(z) = -3*z + 86. Let b be n(30). Let y(q) = -13*q**2 - 5*q - 8. Let r(t) = -23*t**2 - 9*t - 15. Let g(d) = b*r(d) + 7*y(d). Determine g(0).
4
Let y = 186 - 192. Let a be (-25)/(-150) - 47/y. Let n(z) = z**2 - 3*z - 11. Calculate n(a).
29
Let g(j) = j**2 + 14*j. Let w = 1095 - 1109. What is g(w)?
0
Let l(q) = -10*q**3 + 19*q**2 - 16*q - 7. Let u(p) = -3*p**3 + 6*p**2 - 5*p - 1. Let c(b) = -2*l(b) + 7*u(b). What is c(6)?
-83
Suppose -10 = -j + h, 2*j - h - 18 + 0 = 0. Let z(y) = y**3 - 11*y**2 + 24*y. What is z(j)?
0
Let q = 53 + -51. Let y(b) = -168*b + 3. Let x(m) = 41*m - 1. Let g(l) = -4*x(l) - y(l). Determine g(q).
9
Let j(i) = i**2 + 2*i + 2. Let u be -4 - (-10)/15*(-24)/16. Calculate j(u).
17
Suppose p + 3 = -v + 1, -3 = -3*p. Let h(y) = 16492*y**2 - 8242*y**2 + 17 - 8249*y**2 - 23. Determine h(v).
3
Suppose t = 12*t - 22. Let b(p) = -2*p**2 + 8*p + 6. Let m(y) = y**2 - 3*y - 3. Let j(o) = t*b(o) + 5*m(o). Calculate j(-4).
9
Let m(q) = -q**2 + 7*q + 29. Let g be m(12). Let w = 36 + g. Let z(k) = -2*k**3 + w*k**3 - 6*k**3 + 3*k**2 - k**2 - 1. Calculate z(1).
-2
Suppose -4*n - 5*q - 28 = -9, 5*n + 32 = 2*q. Let z(s) = s**2 + 12*s + 1. Give z(n).
-35
Let x(r) = -11*r - 4*r + 8*r - 5 + 7*r - 5*r. Suppose 0*t - t + 2*g - 10 = 0, 4*t + g + 13 = 0. Give x(t).
15
Let z(k) = 6*k**2 + 54*k + 28. Let j be z(-9). Let v = 0 + -2. Let h be v/7*(-98)/j. Let g(q) = 13*q**2 - q. Calculate g(h).
12
Suppose 42 = 5*g + 2. Let r(z) = g + 6*z - 6*z - z**2 + 5*z. Suppose 4*t - 20 = -4*m, -3*t + 5*m - 4 = -5*t. What is r(t)?
-6
Suppose -5*b = -b - 24. Let o(h) = -764*h**2 + 3*h**3 - 3 - 2*h**3 + 759*h**2 + 4*h - 12*h + 0*h**3. What is o(b)?
-15
Let f(w) = -28 + 11145179*w - 13 - 11145169*w - 14. What is f(12)?
65
Let r(h) = 41*h**2 - 60*h + 120. Let x(p) = -5*p**2 + 8*p - 15. Let v(m) = 2*r(m) + 17*x(m). Calculate v(4).
1
Suppose -10 = 94*z - 10. Let b(d) = d**3 - 5*d**2 + d. Let i be b(5). Let u(q) = -q - 3*q + i*q. Determine u(z).
0
Let k(s) = -56*s - 18. Let c(n) = 89*n + 28. Let v(m) = -5*c(m) - 8*k(m). Suppose -2 = -7*x + 6*x. What is v(x)?
10
Let p(j) be the first derivative of 2*j**3/3 + 3*j**2/2 - j - 7015. Suppose -8 = -4*m - 20. Give p(m).
8
Suppose -12 = -4*c + f, -45 + 17 = -2*c - 5*f. Let m(v) = 10*v + 8*v**2 - 13*v**2 + 4*v**2 + c. Determine m(7).
25
Let b(w) = -45*w + 114. Let q(j) = -9*j + 28. Let o(c) = 2*b(c) - 9*q(c). Determine o(0).
-24
Suppose 4*q = 4*v + 4, -4*q + 28 - 6 = 2*v. Let j = -84 + 123. Suppose -3*t + 15 = -3*i, -v*i - j = 5*t - 0*t. Let c(u) = -u**2 - 9*u + 11. What is c(i)?
19
Let d(g) = -14 + 312*g - 574*g + g**3 + 4*g**2 - 43*g**2 - 64 + 303*g. Give d(38).
36
Let o be (3 + 33/(-12))*(-8 - -8). Let q(y) be the third derivative of -28*y**2 + 0*y - 5/6*y**3 + 1/120*y**6 + 0 + 0*y